rs of 88560471.
3, 61, 483937
List the prime factors of 254539681.
11, 131, 176641
List the prime factors of 1496896816.
2, 839, 111509
List the prime factors of 3272131264.
2, 97, 193, 2731
What are the prime factors of 58894368?
2, 3, 13, 41, 1151
What are the prime factors of 1248705519?
3, 29, 14352937
What are the prime factors of 3783892022?
2, 6121, 309091
List the prime factors of 150478249.
150478249
List the prime factors of 45476298.
2, 3, 7, 41, 8803
List the prime factors of 7434349.
13, 571873
List the prime factors of 180070611.
3, 7, 23, 372817
What are the prime factors of 446038531?
29, 569, 27031
List the prime factors of 698702189.
107, 6529927
What are the prime factors of 9792221?
17, 576013
What are the prime factors of 788249854?
2, 7, 101, 557461
What are the prime factors of 32221056?
2, 3, 7, 11987
What are the prime factors of 231950798?
2, 151, 768049
List the prime factors of 285347245.
5, 5651, 10099
List the prime factors of 6642178.
2, 3321089
What are the prime factors of 430972622?
2, 215486311
List the prime factors of 40321290.
2, 3, 5, 1344043
List the prime factors of 70134409.
70134409
What are the prime factors of 38975904?
2, 3, 11, 1367
List the prime factors of 170668605.
3, 5, 37, 307511
What are the prime factors of 417078608?
2, 283, 92111
What are the prime factors of 494090180?
2, 5, 41, 181, 3329
List the prime factors of 62107686.
2, 3, 3450427
List the prime factors of 554653274.
2, 7, 251, 157841
What are the prime factors of 1983812919?
3, 11, 443, 135701
What are the prime factors of 42262664?
2, 5282833
List the prime factors of 304961191.
19, 16050589
List the prime factors of 2449923669.
3, 17, 19, 842767
What are the prime factors of 328319175?
3, 5, 4377589
What are the prime factors of 3863651292?
2, 3, 19, 439, 4289
List the prime factors of 315454586.
2, 379, 416167
List the prime factors of 622477365.
3, 5, 31, 1338661
What are the prime factors of 901134734?
2, 450567367
List the prime factors of 2323465836.
2, 3, 251, 771403
List the prime factors of 378079652.
2, 3541, 26693
List the prime factors of 10003618.
2, 5001809
What are the prime factors of 121933796?
2, 37, 823877
What are the prime factors of 486524865?
3, 5, 23, 1410217
List the prime factors of 3453382401.
3, 7, 1433, 114757
What are the prime factors of 2063455798?
2, 1031727899
List the prime factors of 637903607.
11, 263, 311, 709
What are the prime factors of 1543209999?
3, 73, 131, 53791
What are the prime factors of 79828620?
2, 3, 5, 409, 3253
What are the prime factors of 32253665?
5, 6450733
List the prime factors of 735387183.
3, 81709687
What are the prime factors of 838720198?
2, 499, 643, 1307
List the prime factors of 1248336492.
2, 3, 13, 353, 22669
What are the prime factors of 1719835387?
1719835387
List the prime factors of 658177728.
2, 3, 13, 167, 1579
List the prime factors of 2096008916.
2, 524002229
What are the prime factors of 40523781?
3, 13507927
What are the prime factors of 950230816?
2, 353, 84121
What are the prime factors of 8716846?
2, 41, 106303
List the prime factors of 513555410.
2, 5, 51355541
What are the prime factors of 2673669?
3, 891223
What are the prime factors of 113023739?
113023739
What are the prime factors of 18278907?
3, 41, 148609
What are the prime factors of 153238744?
2, 19154843
List the prime factors of 191341183.
11, 47, 53, 6983
List the prime factors of 30403869.
3, 193, 52511
What are the prime factors of 262397382?
2, 3, 13, 53, 63473
List the prime factors of 524013470.
2, 5, 29, 1806943
List the prime factors of 1198446073.
11, 23, 331, 1301
List the prime factors of 2375865.
3, 5, 17599
List the prime factors of 206824751.
7, 29546393
List the prime factors of 32368674.
2, 3, 13, 61, 6803
What are the prime factors of 355648234?
2, 177824117
List the prime factors of 13437126.
2, 3, 746507
List the prime factors of 5054329685.
5, 37, 563, 48527
List the prime factors of 4529782.
2, 31, 73061
What are the prime factors of 151316661?
3, 61, 826867
List the prime factors of 744281032.
2, 11, 8457739
What are the prime factors of 2390732785?
5, 7, 47, 207619
What are the prime factors of 770178205?
5, 19, 8107139
What are the prime factors of 3268314967?
277, 11798971
What are the prime factors of 94066394?
2, 4759, 9883
What are the prime factors of 27461927?
29, 347, 2729
List the prime factors of 42613868.
2, 11, 61, 15877
List the prime factors of 15772862.
2, 7, 31, 36343
What are the prime factors of 38284632?
2, 3, 531731
What are the prime factors of 359768593?
359768593
List the prime factors of 128940910.
2, 5, 7, 113, 16301
What are the prime factors of 71970175?
5, 43, 66949
List the prime factors of 508394866.
2, 7, 36313919
List the prime factors of 5050.
2, 5, 101
What are the prime factors of 3885384419?
7, 1597, 347561
What are the prime factors of 163852518?
2, 3, 27308753
What are the prime factors of 264849476?
2, 797, 83077
List the prime factors of 393301937.
7, 7247, 7753
List the prime factors of 47484146.
2, 23742073
List the prime factors of 22970680.
2, 5, 557, 1031
What are the prime factors of 185008656?
2, 3, 7, 550621
What are the prime factors of 62887595?
5, 12577519
What are the prime factors of 70558631?
11, 13, 59, 8363
What are the prime factors of 6753084?
2, 3, 13, 73, 593
What are the prime factors of 150306069?
3, 50102023
What are the prime factors of 20402770?
2, 5, 19, 73, 1471
What are the prime factors of 223936621?
211, 1061311
List the prime factors of 250882556.
2, 62720639
What are the prime factors of 147333195?
3, 5, 29, 37633
What are the prime factors of 5354317064?
2, 37, 18088909
What are the prime factors of 14367751?
773, 18587
What are the prime factors of 28901621?
7, 589829
What are the prime factors of 525272053?
277, 367, 5167
What are the prime factors of 196995677?
17, 71, 163211
What are the prime factors of 534153636?
2, 3, 4945867
List the prime factors of 577521990.
2, 3, 5, 239, 26849
List the prime factors of 556170736.
2, 11, 19, 166319
List the prime factors of 411432360.
2, 3, 5, 47, 72949
What are the prime factors of 805696784?
2, 61, 825509
What are the prime factors of 53746674?
2, 3, 479, 18701
List the prime factors of 1812175288.
2, 7, 11, 2941843
List the prime factors of 48766066.
2, 71, 343423
What are the prime factors of 2871405938?
2, 31, 46312999
What are the prime factors of 2678628638?
2, 7, 191330617
What are the prime factors of 44737273?
7, 41, 97, 1607
What are the prime factors of 7492750808?
2, 563, 743, 2239
What are the prime factors of 31303027?
7, 1373, 3257
What are the prime factors of 297085385?
5, 41, 127, 11411
What are the prime factors of 100554414?
2, 3, 16759069
What are the prime factors of 78052776?
2, 3, 379, 8581
What are the prime factors of 20826711?
3, 2314079
What are the prime factors of 3241833877?
23, 127, 137, 8101
List the prime factors of 9473021.
9473021
What are the prime factors of 1067407666?
2, 13, 41054141
List the prime factors of 478023364.
2, 7, 13, 919, 1429
What are the prime factors of 151533007?
41, 911, 4057
List the prime factors of 318717550.
2, 5, 6374351
What are the prime factors of 1117410308?
2, 7, 89, 9151
What are the prime factors of 98195118?
2, 3, 7, 333997
What are the prime factors of 1098457340?
2, 5, 54922867
What are the prime factors of 1990021234?
2, 10453, 95189
List the prime factors of 9109339.
41, 5419
List the prime factors of 1633907.
11, 148537
List the prime factors of 133094584.
2, 7, 339527
List the prime factors of 23977478.
2, 7, 311, 5507
List the prime factors of 207509185.
5, 13, 43, 5711
What are the prime factors of 390986343?
3, 11, 3949357
List the prime factors of 2120559422.
2, 1060279711
List the prime factors of 6316176836.
2, 739, 2136731
What are the prime factors of 37233235?
5, 13, 139, 317
What are the prime factors of 58024452?
2, 3, 359, 13469
List the prime factors of 380173613.
3019, 125927
What are the prime factors of 8958607?
7, 1279801
List the prime factors of 82266190.
2, 5, 239, 34421
What are the prime factors of 72851925?
3, 5, 23, 157, 269
What are the prime factors of 85223981?
1553, 54877
List the prime factors of 1359282989.
113, 12029053
What are the p